ulate (5 - 2) + 0 + -2.
1
What is the value of 4 - (7 - ((-4 - -10) + -6))?
-3
Calculate -3 + 3 + 1 + 4.
5
Evaluate -3 - (7 + -5 - 2).
-3
0 + (2 - 6 - -9)
5
What is the value of -2 + 0 + 0 + 0?
-2
What is 2 + -1 + 3 + -7?
-3
What is the value of -1 + 2 + -2 - -2 - 4?
-3
(1 - 2 - -2) + 8 + -14
-5
What is the value of (7 + -8 + -4 - 0) + 11?
6
What is the value of 9 + (12 - 14) + -3?
4
Evaluate -6 + -3 + 4 + 3.
-2
Evaluate 2 + -15 + 11 - -12.
10
What is the value of 1 - (-1 + 3 - (-5 - -6))?
0
Evaluate -10 + (0 + 17 - 9).
-2
What is 11 - (9 - -1) - (0 - -3)?
-2
What is the value of -6 - (6 + -17) - 9?
-4
Calculate -8 - (5 + -6) - -6.
-1
What is 9 - 2 - (-1 + 5)?
3
What is 9 + 6 + -17 + 4?
2
7 + -6 + (-4 - (-2 - 5))
4
Calculate 0 + 1 + -5 + 155 + -150.
1
Calculate (4 + 0 + -3 - 0) + 2.
3
What is -6 + -15 + (6 - -1) + 8?
-6
What is the value of (73 - 67) + (-2 + -9 - 0)?
-5
Evaluate 4 + 0 + 119 + -128.
-5
What is -13 + 7 - (2 + -5 - -2)?
-5
What is the value of 3 + -3 + -1 + -2 + 5?
2
Evaluate -21 - -24 - (-1 - -9).
-5
Calculate 2 + -4 - 5 - (-6 + 1).
-2
Calculate (0 + 2 - -3) + (-2 - 1).
2
Calculate (-8 - -1 - -5 - -8) + -2.
4
5 - 9 - (-6 + 1)
1
Calculate (1 - -7) + (78 - 92).
-6
Calculate 1 + (0 - (1 + (-1 - 2))).
3
Evaluate 1 - (-8 + 3 + 5 - 0).
1
0 + -4 + -3 + 11
4
Evaluate -9 + (10 - (-3 + -3)).
7
What is the value of -1 - 1 - (-10 - -4)?
4
67 + -62 + (-1 - 5)
-1
What is (-6 - (-4 + -1)) + -3 + 3?
-1
What is the value of -2 + 6 - (2 - 0 - 2)?
4
169 + -161 - (1 - -8)
-1
Evaluate 2 + -3 - -8 - 10.
-3
Evaluate (1 + -7 - (-14 + 3)) + -3.
2
Calculate (-1 - 0) + (-8 - -4) + 4.
-1
-73 + 78 - (-1 + 1 + -1)
6
What is 9 + (6 - (8 - -5))?
2
What is the value of 6 + -3 + (7 - 0) + -10?
0
-1 - (3 + (6 - (0 + 7)))
-3
What is the value of (0 + 5 - (-1 + 0)) + -2?
4
Calculate -7 + -6 + 8 + 3.
-2
Calculate 0 - -1 - (-28 + 25).
4
What is the value of 2 + -1 + 0 - 1?
0
What is (-6 - -1) + -8 + 1 + 7?
-5
What is the value of (0 - -1) + 1 - 3?
-1
3 - 0 - (24 - 18)
-3
What is (8 - 12) + (4 - -1)?
1
Evaluate 0 - (4 - (5 + -5) - 0).
-4
Calculate -5 - 2 - (-18 - -11).
0
What is the value of (-4 - -6) + (-11 - -6)?
-3
What is -2 - 1 - (0 + -7)?
4
Evaluate 3 - (-2 - -20 - (-12 + 17)).
-10
Calculate -1 - -5 - 4 - (-4 - -1).
3
Evaluate (-1 - 1) + (9 - 7 - -1).
1
Evaluate 0 + -5 - (0 - 1 - 3).
-1
1 + 0 + (-1 - -2)
2
What is -6 + 4 - (-3 + 3 - 2)?
0
What is the value of (4 - (1 + 3)) + 3?
3
What is the value of 4 - (2 + (4 - 0))?
-2
Evaluate -1 + 6 + (19 - 17).
7
Evaluate (-2 + -5 - (1 + -6)) + 5.
3
1 - ((-1 + 5 - 2) + 2)
-3
Calculate 7 - (10 - (-6 - -10)).
1
What is 2 - 2 - (2 - 3 - -5)?
-4
Evaluate -2 + (4 - 5) + (-4 - -7).
0
What is the value of 1 + 8 - (-1 - -11)?
-1
What is (6 - 1 - 0) + -17 + 17?
5
Calculate 0 - (-18 - (-7 - 4)).
7
Calculate -6 - (7 + -5) - -4.
-4
(9 - 4) + -3 + (-2 - 0)
0
What is the value of 2 - (-2 - (-4 - 2))?
-2
4 + 1 - (11 + -4 + 0)
-2
What is 8 + -4 - 22 - -11?
-7
-2 - (-2 + 1) - (1 + 0)
-2
(13 - -4) + -13 - (0 - 6)
10
What is the value of (-55 - -47) + (1 - -13)?
6
Calculate 0 + (3 - (0 + 1)).
2
What is the value of -12 - (0 - 0 - (47 - 43))?
-8
-4 + (3 - (-3 - -1))
1
1 - (0 + -3 - -1)
3
3 + -1 - -1 - 0
3
Evaluate 2 + 52 + -57 + -4 + 1.
-6
What is -4 - 2 - (-13 + 1)?
6
What is (-6 - 1) + (-6 - (-22 - -12))?
-3
What is the value of -1 - -7 - (33 + -32)?
5
1 - 3 - (1 - (2 + -3))
-4
Calculate 3 + -4 + (0 - 4).
-5
What is 1 + (0 - (-2 - (-7 + 1)))?
-3
What is -8 - -11 - (1 - -1)?
1
Evaluate (-5 - -7) + (-7 - -1).
-4
Evaluate -3 + 0 + 3 + -9 + 7.
-2
Evaluate -6 + 3 + -1 + 3.
-1
-4 - (-1 - (0 - (-9 + 3)))
3
Calculate 2 + (-2 - -1 - (8 - 4)).
-3
Evaluate -12 - -1 - (11 + -21 + 5).
-6
Evaluate -4 + (-5 + 3 - -6).
0
((5 - 1) + -5 - -3) + -6
-4
Calculate -4 - (0 - 0) - -3.
-1
(2 - 1) + (3 - 9)
-5
Calculate -23 + 21 - (-9 - -1) - 10.
-4
Calculate 6 - (10 + -10) - (0 - -1).
5
What is the value of 0 + (-1 - (-2 + 3))?
-2
What is -1 + -2 + 1 + -1?
-3
Evaluate 3 - (10 - (4 + -2)).
-5
Calculate 10 + (-7 - 2) - 3.
-2
Calculate 1 + (-2 - 1) + (2 - -1).
1
9 + -27 + 15 - -14
11
Calculate 2 - (3 - 5 - 0) - 6.
-2
What is the value of -4 + (2 + 2 - 1)?
-1
Evaluate 4 + (-1 + (2 - -4) - 10).
-1
Evaluate 10 - (6 + 0 + 10).
-6
9 - (-1 - (0 + -4))
6
Calculate 7 - 11 - (6 - 5).
-5
2 - (2 + -4 - -3) - -3
4
Evaluate (7 - 3 - 4) + -9 + 4.
-5
Calculate 2 - (-7 + 3) - (7 + 0).
-1
4 - -3 - ((-1 - -1) + 7)
0
4 + (-5 - -4) + -3
0
Evaluate 2 + 6 + -2 + -9.
-3
Calculate 2 - ((-3 - -4) + -4).
5
Calculate 2 - (1 + (-6 - -18)).
-11
What is (6 - (4 + -6)) + -8?
0
Evaluate -2 - (1 + -9 + -44 + 46).
4
What is -1 + (-9 - -5) + 10?
5
(-7 - -13) + -8 + 7
5
Evaluate -5 - (-4 - (-1 - -1)).
-1
Evaluate 5 + 2 + -4 + 1 + 1.
5
What is the value of (5 - 0) + 0 + -4?
1
Evaluate -1 + 5 - (0 - 0 - 1).
5
(3 - 2) + 8 + -14 - -4
-1
(-1 - 0) + (25 - 25)
-1
What is the value of 12 - (11 - 2 - 4)?
7
Calculate 6 + (-5 - -2) + (0 - -2).
5
2 - (-2 - (7 + -7))
4
Evaluate (0 - 0) + 2 + -9 + 4.
-3
Evaluate 8 + 7 + -4 + -5.
6
Evaluate 6 - (8 + -12 + 5).
5
Evaluate 1 - (1 + (13 + -7 - 4)).
-2
What is -5 + -3 + 5 - -2?
-1
What is -10 + (4 - -4 - 3)?
-5
5 + -4 + -2 - (5 - 2)
-4
(33 - 21) + (-7 - 0)
5
What is 12 + (-19 - (-19 - -11))?
1
What is the value of 11 - (7 + -1 + -4 + -1)?
10
What is the value of -5 - (-3 - (2 + -1))?
-1
(8 - (2 - -5)) + 1 + 3
5
-2 + 7 + (3 - 3) + -3
2
What is the value of -4 - -3 - (4 + -2 + -8)?
5
-3 + 1 + 6 + (30 - 36)
-2
What is the value of -3 + 0 - -4 - (-14 - -12)?
3
What is 7 - (-4 - (-7 + -3))?
1
Evaluate 6 + (-18 - (-1 - -1) - -6).
-6
What is the value of 5 - (0 + (7 - (5 + 0)))?
3
What is the value of (-3 - -3) + (1 - (-4 - -2))?
3
Evaluate (4 - -6) + 6 + 0 + -6.
10
Calculate -2 - (3 - (-6 + (0 - -9))).
-2
Calculate (-2 + 0 - -1) + (0 - -6).
5
What is 0 + -2 + (0 - 1) - -2?
-1
What is the value of (4 - 2) + (3 + -3 - 4)?
-2
0 - ((-6 - -6) + (-13 - -8))
5
Evaluate 2 + -8 - (43 + -49).
0
What is 6 - (4 - (-5 + 1))?
-2
Evaluate -7 - (-4 + (1 - (4 - 3))).
-3
What is the value of -6 - -9 - (-2 + 5)?
0
Evaluate 3 + (-4 - (4 - 7)) + 1.
3
What is the value of -14 + (12 - 2) - (-3 + 1)?
-2
What is the value of -25 + 21 - (-10 + -1)?
7
Calculate 2 + 0 + -4 + 3 + 0.
1
Evaluate (1 + -4 - -5) + 5 + -2.
5
What is the value of 5 - (0 + -3 + 9 + -5)?
4
Calculate 1 - 0 - 0 - (4 - -2).
-5
Calculate -8 + -8 + 1 + 12 + 3.
0
(14 - 8) + 3 + -13 + -1
-5
Evaluate -9 + 14 - (3 + 0 + -1).
3
Calculate (13 - 12) + (2 - -1).
4
Calculate -32 + 18 - -14 - (-4 + 1).
3
Evaluate 2 - (-6 - -2) - 6.
0
What is -2 + 3 - (11 - (17 + -8))?
-1
-8 + 2 + -1 + 2
-5
What is the value of (6 - (-2 - -1 - -3)) + -5?
-1
Evaluate (0 - 4) + 4 + -6 + 7.
1
What is 0 + 1 - 0 - (9 - 12)?
4
What is the value of (-1 - 2) + 1 + -2?
-4
What is 4 - 1 - (1 + 0 + -3)?
5
What is the value of -3 + (-6 + 14 - 5) + -3?
-3
Evaluate 1 + -1 + 1 + -4.
-3
0 - (5 + (2 - 3) + -2)
-2
What is the value of 3 - (2 - (3 + 2 + -4))?
2
What is the value of -10 + 7 + -1 - -8?
4
Calculate -101 + 108 - (10 + 0).
-3
Evaluate 1 + (-3 - (0 - 3)) + -3.
-2
What is the value of (-5 - 3) + 15 - 11?
-4
5 + 5 + 2 + -14
-2
-3 + 9 + -4 - 5
-3
What is the value of 4 + -2 + (-5 - -8)?
5
4 + 0 + (3 - 5) + 0
2
What is (1 - 7) + -2 - -2?
-6
Calculate -2 - (4 - (-3 + 6)).
-3
What is the value of 1 + (-3 + -2 - -2)?
-2
What is the value of (-49 - -55) + (-1 - (2 - 1))?
4
Calculate 1 + (-1 - 2) + (4 - 1).
1
8 + -17 + -3 + 11
-1
Evaluate 6 - (15 - (8 + -4)) - 1.
-6
Evaluate 0 - (0 - 2) - (-3 + 1).
4
Evaluate -2 - (-11 + 6 + 4).
-1
Calculate -1 + (1 - 2) - (-368 - -367).
-1
What is -15 + 19 + (0 + -1 - -1)?
4
What is the value of -4 + 4 + -4 + (0 - 0)?
-4
Calculate -1 - (2 - 4) - 2.
-1
What is the value of (4 + -4 - 9) + -1 + 4?
-6
What is the value of 0 + -1 + (-135 - -141)?
5
What is the value of -2 + 0 + 0 + 3?
1
1 - 2 - (-9 - -8) - 0
0
What is the value of 1 + 2 + -2 + 2 + -6?
-3
Evaluate (-90 - -100) + -6 + 1.
5
Evaluate -2 + 0 + -24 + 25.
-1
What is the value of -4 - (-5 - (-8 + 9))?
2
What is the value of 3 - (8 + -6) - 1?
0
What is the value of 3 - (3 - -3 - (-2 + 7))?
2
What is -2 + (-5 - -5) + -2?
-4
What is (5 - 2) + -7 - -10?
6
Calculate (0 - -3) + (-3 - -2).
2
What is 4 - (-7 - (-6 + 0))?
5
Calculate 6 + (-8 - 1) - (-3 - -1).
-1
(9 - (3 - -12)) + 11
5
What is 6 - 